 by 4/(-14) - 242/(-14)?
11
Suppose 4*f = -x - 3*x + 264, 0 = -3*f + x + 182. Calculate the remainder when f is divided by 16.
14
Let a = 102 + -220. Let y = -109 - a. What is the remainder when 34 is divided by y?
7
What is the remainder when 114 is divided by (-600)/(-90)*((-48)/(-5) + 0)?
50
Let q(g) be the third derivative of -7*g**4/12 + 4*g**3/3 + 40*g**2. Calculate the remainder when q(-3) is divided by 16.
2
Let u = 1280 + -1259. Calculate the remainder when (-1)/(0 + 1/(-83)) is divided by u.
20
Let b = -1 + 4. What is the remainder when (-66)/(4 + -15) - -7 is divided by b?
1
Let h(z) = -z**2 - 5*z - 2. Let x be h(-4). Let i = 1129 - 1133. Calculate the remainder when 25 is divided by 6 + x/(-8)*i.
4
Let d(u) = 4*u**2 + 1. Let x be d(-1). Suppose -7*v + 2*v = 5*j - 415, -v - 445 = -x*j. What is the remainder when j is divided by 18?
16
Suppose 168 = 11*s - 8*s. Suppose -12*n + s + 112 = 0. What is the remainder when n is divided by 5?
4
Let r be 3/(2 - -1) - 8/(-2). Suppose -5*b + 120 = r*u, 3*u - 5*u + 50 = 4*b. What is the remainder when 114 is divided by u?
22
Let j = 13 + -5. Suppose 6*r - 7*r = -15. Calculate the remainder when r is divided by j.
7
Suppose -22 = u + 2*p - 0*p, 4*p - 84 = 2*u. Calculate the remainder when 92 is divided by u/(-2) - (5 - 8).
16
Let f be (-36)/(-10) - 8/(-20). Suppose -i + 5*h = -2*i - 8, f = -2*h. What is the remainder when 22 is divided by (-3 + i)/(1/(-8))?
6
Let g = 306 + -269. What is the remainder when g is divided by 16?
5
Let i(h) = h - 3. Let t be i(7). Let o = 7 - t. Suppose 0 = o*q + 3*g - 117, g - 138 = -4*q + 3*g. Calculate the remainder when q is divided by 19.
17
Let u = -236 + 247. What is the remainder when 97 is divided by u?
9
Let j(u) = -u**3 + 2*u**2 + 12*u + 5. What is the remainder when 389 is divided by j(-3)?
11
Suppose -2*v = -10, -3*b + 374 = -5*v + 6*v. What is the remainder when b is divided by 48?
27
Let a(w) = w**2 + w. Let v be a(-2). Let r = -17 - -68. Suppose -v*l = -3*l + r. Calculate the remainder when l is divided by 18.
15
Calculate the remainder when 59 is divided by ((-3)/2)/((-69)/230).
4
Let y(j) = j**3 - j**2 + 125. Let t be y(0). Let f = t - 104. Calculate the remainder when f is divided by 12.
9
Suppose 5*r - 97 = x + 3*x, -4*r = 5*x - 53. What is the remainder when 185 is divided by r?
15
Suppose 820 = 5*d + 5*x, -4*x - 42 - 112 = -d. Calculate the remainder when d is divided by 35.
22
Calculate the remainder when 204 is divided by ((-2)/(-4))/(24/1200).
4
Let w = -195 - -278. Calculate the remainder when w is divided by 21.
20
Let q = 21 + 1. Let o = 43 + -32. What is the remainder when o is divided by q/4 + (-2)/(-4)?
5
Let z = -91 + 94. Suppose q + 255 = 5*q - z*m, 5*q = 2*m + 310. Calculate the remainder when q is divided by 21.
18
Let m = 165 - 146. Calculate the remainder when 56 is divided by m.
18
Suppose 2*c - 3*a = -a + 18, -c + 2*a = -14. Let f(v) = -v**3 + 3*v**2 + 7*v + 1. Calculate the remainder when 23 is divided by f(c).
10
Let w(f) = -f**3 - f**2 + 53*f - 24. What is the remainder when 189 is divided by w(6)?
21
Let v be 543/18 - 1/6. Suppose 6*u = u + v. Calculate the remainder when 47 is divided by u.
5
Suppose 5*j + 44 = -16. Let a = 14 + j. Suppose u + 9 = a*r + 4*u, 3*u = r - 9. Calculate the remainder when r is divided by 3.
0
Let w = -50 - -44. Calculate the remainder when (117/27)/((-2)/w) is divided by 3.
1
Suppose -9*w + 14*w - 65 = 0. What is the remainder when 45/10 + -3 - 207/(-6) is divided by w?
10
Let f(n) = -2*n + 54. Calculate the remainder when 143 is divided by f(19).
15
Let x(u) = 14*u + 4. Calculate the remainder when x(3) is divided by (-15)/7*(-98)/35.
4
Let s = 3 + 1. Suppose 0*t - 2*t = 0. Suppose t = s*b - 29 - 39. What is the remainder when b is divided by 5?
2
Suppose -52*k + 53*k - 30 = 0. Calculate the remainder when 76 is divided by 26*5/(k/9).
37
Let w(u) = -u**3 - 18*u**2 + 19*u + 12. Calculate the remainder when 454 is divided by w(-19).
10
Calculate the remainder when (1 - -1)*327/2 is divided by 22.
19
Let f = -820 - -829. Let s = 40 - -11. What is the remainder when s is divided by f?
6
Suppose 5*l = -2*y + 99 + 269, 0 = -4*y + 5*l + 706. What is the remainder when y is divided by 30?
29
Calculate the remainder when -220*(-29)/((-290)/(-12)) is divided by 54.
48
Let k = -19 - -21. Suppose -2*t = 5*g - 604, 3*t - 362 = -3*g + k*t. Calculate the remainder when 63 is divided by (-48)/(-5)*g/36.
31
Calculate the remainder when 23 is divided by 9/(-9*(-1)/15).
8
Let w = 24 - 41. Let d = 1 - w. Calculate the remainder when 69 is divided by d.
15
Suppose 3*k = 4*g - 67, -k + 39 - 5 = 3*g. Suppose g = -3*x + 46. Let t(b) = -4*b + 11. Calculate the remainder when t(-5) is divided by x.
9
Let a = 69 + -63. Let m(j) = 18*j - 79. What is the remainder when m(a) is divided by 6?
5
Let h(o) = -44*o + 137. Let d(y) = -y**3 - 5*y**2 - 3*y + 9. What is the remainder when h(-5) is divided by d(-5)?
21
Let f be -3 + 24/9 - (-245)/15. Suppose 61*l - 63*l = -f. Calculate the remainder when l is divided by 3.
2
Suppose -120 = -2*t - t. Calculate the remainder when 621/180*4*(-25)/(-3) is divided by t.
35
Suppose -471 = -5*r - 441. What is the remainder when 21 is divided by r?
3
Let q = 8 - -1. What is the remainder when (-54)/(-15)*(-35)/(-14) - -89 is divided by q?
8
Let z = 285 - 188. What is the remainder when z is divided by 51?
46
Suppose 557*h + 665 = 564*h. Calculate the remainder when 343 is divided by h.
58
Let c(g) = -g + 7. Let h(s) = 2*s**2 - 3*s + 3. Let w be h(2). Let d be c(w). Suppose -20 - 60 = -d*o. Calculate the remainder when o is divided by 14.
12
Suppose 40*f = 52*f - 384. What is the remainder when 39 is divided by f?
7
Suppose 0 = -18*f + 495 - 99. Calculate the remainder when 263 is divided by f.
21
Let o(j) = -4 - j - 5*j**2 - 4*j**3 - 4*j**3 + 4*j**2 - 4*j**3. What is the remainder when o(-2) is divided by 13?
12
Suppose -2*u + 30 + 44 = -2*a, -u = 4*a - 37. What is the remainder when u is divided by 24?
13
Suppose 2*w + w - 125 = 5*g, 74 = 2*w - g. Calculate the remainder when 136 is divided by w.
31
Let w be -1*(18/2 + -1). What is the remainder when (-28)/w - -3*4/(-8) is divided by 1?
0
Let s(v) = -2*v + 97. What is the remainder when s(-6) is divided by 22?
21
Suppose -2*t - 15 = -7. Let o = 23 - t. Calculate the remainder when 51 is divided by o.
24
Let y be (44/(-6))/((-18)/27). Let d = y - 7. Suppose 3*n + 2*w = 36, 29 = 4*n - 2*w - 5. Calculate the remainder when n is divided by d.
2
Suppose 5*j + 18 = 7*j - z, 3*z = -6. Calculate the remainder when 97 is divided by j.
1
Suppose -479 = -10*c + 1. What is the remainder when 146 is divided by c?
2
What is the remainder when (-2396)/(-7) + (-8)/28 is divided by 5?
2
Let h = 335 + -329. Suppose -43 = -3*q + 2*s - 3*s, 0 = 3*q - 2*s - 40. Calculate the remainder when q is divided by h.
2
Suppose 0 = -d - 1 - 0. Calculate the remainder when 5 + d + 46 + (0 - -1) is divided by 13.
12
Suppose -2*v = -2*f - 0*f - 146, -298 = -4*v + f. What is the remainder when v is divided by 3?
0
Let y = 11 - 1. Suppose -6*d - 236 = -y*d. Calculate the remainder when d is divided by 15.
14
Suppose 0 = -6*a + 12. Suppose -4*n = -4, -5*n + 3 = o - a. Suppose o = 4*p - 5*t + 3, 5*p + t - 6*t = 0. What is the remainder when 9 is divided by p?
0
Let v(h) = -h + 7. Let b be v(9). Let k = b - -2. Calculate the remainder when 74 is divided by k*(-3)/12 - -19.
17
Let p(n) = -4*n + 54. What is the remainder when p(6) is divided by 12?
6
Let x(n) = n + 3*n - 14*n + 4 + 4*n + 5*n**2. What is the remainder when x(2) is divided by 5?
2
Suppose -u + 367 = 5*t + 36, 0 = -2*t - 3*u + 122. Let w = t + -34. What is the remainder when w is divided by 22?
11
Let x(i) = 7*i + 29. Let w be x(-13). Let b = w - -67. Calculate the remainder when 11 is divided by b.
1
Suppose 0 = -5*u + 2*u + z - 37, -z = -1. What is the remainder when 34 is divided by (8/u)/((-6)/45)?
4
Suppose -z - 5*b = 61, 3*b - 94 - 71 = 5*z. Let n = z + 70. Suppose 3*i = 4*o - 5*o + n, -2*o - 32 = -4*i. Calculate the remainder when 28 is divided by i.
8
Let u be (0 + -1)*(-20)/(-4). Let a be u/(5/(-12)) - 2. What is the remainder when 52 is divided by 1 + 0 + a/1?
8
Suppose 5*r = -q + 60, 5*q = 3*r - r - 51.